{"id":367,"date":"2023-04-05T09:51:07","date_gmt":"2023-04-05T09:51:07","guid":{"rendered":"https:\/\/aesudestebaiao.com\/online\/?page_id=367"},"modified":"2025-10-08T11:29:35","modified_gmt":"2025-10-08T11:29:35","slug":"conselho-pedagogico","status":"publish","type":"page","link":"https:\/\/aesudestebaiao.com\/online\/conselho-pedagogico\/","title":{"rendered":"Conselho Pedag\u00f3gico"},"content":{"rendered":"\n\n\n\n\n\n\n<h6>\n\n\n\n\n\n\n\n\n\n<span style=\"color: rgb(0, 0, 0);\">Presidente do CP<\/span><\/h6>\n<p style=\"color: rgb(242, 173, 72);\">Jos\u00e9 Manuel do Carmo Vicente<\/p>\n\n\n<p><strong><span style=\"color:#f2ad48ff;\">&#8211; Coordenadora do Departamento do Ensino Pr\u00e9-escolar<\/span><br><\/strong><span style=\"color: rgb(0, 0, 0);\">Cristina Maria Moura Pereira<\/span><\/p><p>&nbsp;<strong style=\"color: rgb(242, 173, 72);\">&#8211; Coordenador do Departamento do 1.\u00ba ciclo<\/strong>&nbsp;<br><span style=\"color: rgb(0, 0, 0);\">Adriano Monteiro Pereira<\/span><\/p><p><strong><span style=\"color:#f2ad48ff;\">&#8211; Coordenadora do Departamento de L\u00ednguas<\/span><br><\/strong>Fernanda Maria Pinto Ribeiro&nbsp;<\/p><p><strong><span style=\"color:#f2ad48ff;\">&#8211; Coordenadora do Departamento de Matem\u00e1tica e Ci\u00eancias Experimentais<\/span><br><\/strong>Maria de F\u00e1tima Gomes Ribeiro&nbsp;<\/p><p><strong style=\"color: rgb(242, 173, 72);\">&#8211; Coordenadora do Departamento de Ci\u00eancias Sociais e Humanas<\/strong><br>Fernando Valentim Ferreira Sousa&nbsp;<\/p><p><strong style=\"color: rgb(242, 173, 72);\">&#8211; Coordenadora do Departamento de Express\u00f5es<\/strong><br>An\u00edbal Jos\u00e9 Freixinho Peres&nbsp;<\/p><p><strong style=\"color: rgb(242, 173, 72);\">&#8211; Coordenador do 1.\u00ba CEB<\/strong><br>Maria Alzira Carvalho Gaspar<\/p><p><strong style=\"color: rgb(242, 173, 72);\">&#8211; Coordenadora de Ciclo<\/strong><br>C\u00e1tia Macedo Fraga<\/p><p><strong style=\"color: rgb(242, 173, 72);\">&#8211; Coordenadora dos Servi\u00e7os especializados de Apoio Educativo<\/strong><br>Maria Neli Guedes da Mota Carneiro<\/p><p><strong style=\"color: rgb(242, 173, 72);\">&#8211; Coordenadora da Biblioteca Escolar<\/strong><br>F\u00e1tima da Concei\u00e7\u00e3o Almeida&nbsp;<\/p><p><strong style=\"color: rgb(242, 173, 72);\">&#8211; Coordenador de Clubes e Projetos<\/strong><br>Alexandre Louren\u00e7o Correia<\/p>\n\n\n\n\n<h2>Regimento Interno do Conselho Pedag\u00f3gico<\/h2>\n\n\n\n\n<p><br><\/p>\n<p style=\"text-align: justify;\">O presente&nbsp;<a href=\"https:\/\/aesudestebaiao.com\/online\/wp-content\/uploads\/2023\/12\/Regimento-do-CP.pdf\" style=\"color: rgb(242, 173, 72);\" target=\"_blank\" rel=\"noopener\">regimento<\/a>&nbsp;regulamenta a atividade do Conselho Pedag\u00f3gico do Agrupamento de Escolas do Sudeste de Bai\u00e3o, com sede na Escola B\u00e1sica do Sudeste de Bai\u00e3o, e sujeita todos os seus membros, bem como todos os que nela participam, independentemente da qualidade em que o fa\u00e7am.<br><\/p>\n<p style=\"text-align: justify;\">O Conselho Pedag\u00f3gico \u00e9 o \u00f3rg\u00e3o de coordena\u00e7\u00e3o e supervis\u00e3o pedag\u00f3gica e orienta\u00e7\u00e3o educativa do Agrupamento de Escolas do Sudeste de Bai\u00e3o, nomeadamente nos dom\u00ednios pedag\u00f3gico-did\u00e1tico, da orienta\u00e7\u00e3o e acompanhamento dos alunos e da forma\u00e7\u00e3o inicial e cont\u00ednua do pessoal docente e n\u00e3o docente<br><\/p>\n\n\n\n\n\n","protected":false},"excerpt":{"rendered":"","protected":false},"author":1,"featured_media":0,"parent":0,"menu_order":0,"comment_status":"closed","ping_status":"closed","template":"","meta":{"footnotes":""},"class_list":["post-367","page","type-page","status-publish","hentry"],"rttpg_featured_image_url":null,"rttpg_author":{"display_name":"admin","author_link":"https:\/\/aesudestebaiao.com\/online\/author\/admin\/"},"rttpg_comment":0,"rttpg_category":null,"rttpg_excerpt":null,"_links":{"self":[{"href":"https:\/\/aesudestebaiao.com\/online\/wp-json\/wp\/v2\/pages\/367","targetHints":{"allow":["GET"]}}],"collection":[{"href":"https:\/\/aesudestebaiao.com\/online\/wp-json\/wp\/v2\/pages"}],"about":[{"href":"https:\/\/aesudestebaiao.com\/online\/wp-json\/wp\/v2\/types\/page"}],"author":[{"embeddable":true,"href":"https:\/\/aesudestebaiao.com\/online\/wp-json\/wp\/v2\/users\/1"}],"replies":[{"embeddable":true,"href":"https:\/\/aesudestebaiao.com\/online\/wp-json\/wp\/v2\/comments?post=367"}],"version-history":[{"count":27,"href":"https:\/\/aesudestebaiao.com\/online\/wp-json\/wp\/v2\/pages\/367\/revisions"}],"predecessor-version":[{"id":2449,"href":"https:\/\/aesudestebaiao.com\/online\/wp-json\/wp\/v2\/pages\/367\/revisions\/2449"}],"wp:attachment":[{"href":"https:\/\/aesudestebaiao.com\/online\/wp-json\/wp\/v2\/media?parent=367"}],"curies":[{"name":"wp","href":"https:\/\/api.w.org\/{rel}","templated":true}]}}