{"id":404,"date":"2023-04-05T10:55:40","date_gmt":"2023-04-05T10:55:40","guid":{"rendered":"https:\/\/aesudestebaiao.com\/online\/?page_id=404"},"modified":"2026-04-30T09:27:52","modified_gmt":"2026-04-30T09:27:52","slug":"documentos-orientadores","status":"publish","type":"page","link":"https:\/\/aesudestebaiao.com\/online\/documentos-orientadores\/","title":{"rendered":"Documentos orientadores"},"content":{"rendered":"\n\n\n\n\n<p>Documentos orientadores<\/p>\n\n\n\n\n\n\n\n\n\n\n\n\n\n\n\n\n\n\n\n\n\n\n\n\n\n\n\n\n<h6>Regulamento Interno<\/h6>2023 | 2027\n<h6><\/h6>\n\n\n<h6>Plano Anual de Atividades<\/h6> 2025 | 2026\n\n\n<h6>Projeto Educativo<\/h6> 2023 | 2026\n\n\n<h6>TEIP 4<\/h6>\n\n\n<h6>Relat\u00f3rio de Autoavalia\u00e7\u00e3o<\/h6> 1\u00ba semestre  2026\n\n\n\n\n\n\n\n\n\n\n\n\n\n\n\n\n\n\n\n\n\n\n\n\n\n\n\n\n\n\n<h6>Regulamento Semestral do PA<\/h6>TEIP\n<h6><\/h6>\n\n\n<h6>Plano de A\u00e7\u00e3o para a Disciplina<\/h6>\n\n\n<h6>Estrat\u00e9gia de Educa\u00e7\u00e3o para a Cidadania de Escola<\/h6>\n\n\n<h6>Relat\u00f3rio de Autoavalia\u00e7\u00e3o<\/h6>2024\/2025\n\n\n<h6>Plano de Estudos e Desenvolvimento do Curr\u00edculo<\/h6> 2023 | 2024\n\n\n\n\n\n\n\n\n\n\n\n\n\n\n\n\n\n\n\n\n\n\n\n\n\n\n\n<h6>Organograma do CAA<\/h6><br>\n<h6><\/h6>\n\n\n<h6>Estatuto do Aluno e \u00c9tica Escolar<\/h6>\n\n\n<h6><br><\/h6>\n\n\n<h6><br><\/h6>\n\n\n\n\n\n\n","protected":false},"excerpt":{"rendered":"","protected":false},"author":1,"featured_media":0,"parent":0,"menu_order":0,"comment_status":"closed","ping_status":"closed","template":"","meta":{"footnotes":""},"class_list":["post-404","page","type-page","status-publish","hentry"],"rttpg_featured_image_url":null,"rttpg_author":{"display_name":"admin","author_link":"https:\/\/aesudestebaiao.com\/online\/author\/admin\/"},"rttpg_comment":0,"rttpg_category":null,"rttpg_excerpt":null,"_links":{"self":[{"href":"https:\/\/aesudestebaiao.com\/online\/wp-json\/wp\/v2\/pages\/404","targetHints":{"allow":["GET"]}}],"collection":[{"href":"https:\/\/aesudestebaiao.com\/online\/wp-json\/wp\/v2\/pages"}],"about":[{"href":"https:\/\/aesudestebaiao.com\/online\/wp-json\/wp\/v2\/types\/page"}],"author":[{"embeddable":true,"href":"https:\/\/aesudestebaiao.com\/online\/wp-json\/wp\/v2\/users\/1"}],"replies":[{"embeddable":true,"href":"https:\/\/aesudestebaiao.com\/online\/wp-json\/wp\/v2\/comments?post=404"}],"version-history":[{"count":75,"href":"https:\/\/aesudestebaiao.com\/online\/wp-json\/wp\/v2\/pages\/404\/revisions"}],"predecessor-version":[{"id":3039,"href":"https:\/\/aesudestebaiao.com\/online\/wp-json\/wp\/v2\/pages\/404\/revisions\/3039"}],"wp:attachment":[{"href":"https:\/\/aesudestebaiao.com\/online\/wp-json\/wp\/v2\/media?parent=404"}],"curies":[{"name":"wp","href":"https:\/\/api.w.org\/{rel}","templated":true}]}}