{"id":416,"date":"2023-04-05T11:49:47","date_gmt":"2023-04-05T11:49:47","guid":{"rendered":"https:\/\/aesudestebaiao.com\/online\/?page_id=416"},"modified":"2026-04-01T17:25:04","modified_gmt":"2026-04-01T17:25:04","slug":"docentes-3","status":"publish","type":"page","link":"https:\/\/aesudestebaiao.com\/online\/docentes-3\/","title":{"rendered":"Docentes"},"content":{"rendered":"\n\n\n\n\n\n\n\n\n\n\n<span style=\"color:#f2ad48ff;\">Departamentos<\/span>\n\n\n<p>Cristina Moura&nbsp;<strong>(Coordenadora)<\/strong><\/p><p>Maria de Lurdes Costa<br>Lu\u00edsa Rocha<br>No\u00e9mia Ribeiro<br>Daniela Teixeira<br><\/p>\n\n\n\n\n\n\n\n\n<p>Fernanda Ribeiro&nbsp;<span style=\"font-weight: bolder;\">(Coordenadora)<\/span><\/p><p>Alexandre Correia<br>Maria Idalina Correia<br>S\u00f3nia Cristina Teixeira<br>F\u00e1tima Almeida<br>Manuela Miranda<br>Carlos Guerreiro<br>Ana Silva<br>Ana Marisa Almeida<br><\/p>\n\n\n\n\n\n\n\n\n<p>An\u00edbal Peres&nbsp;<span style=\"font-weight: bolder;\">(Coordenador)<\/span><\/p><p>Armando Ribeiro<br>Vasco Rodrigues<br>Nelson Oliveira<br>Jo\u00e3o Gomes<br>Guido Rodrigues<br>S\u00e9rgio Miranda<br>Daniel&nbsp; Miranda<br>Pedro Ferreira<br>Maria Neli Carneiro<br>Joana Gon\u00e7alves<br>Liliana Rebelo<\/p>\n\n\n<p>Adriano Pereira&nbsp;<span style=\"font-weight: bolder;\">(Coordenador)<\/span><br><\/p><span style=\"line-height: 0.9;\"><p>Fernando Duarte<br>Maria das Dores Magalh\u00e3es<br>Maria de Lurdes Roque<br>Lina Correia<br>Virg\u00ednia Ferraz<br>Teresa Veiga<br>Cristina Nogueira<br>Maria Alzira Gaspar<br>Eduardo Teixeira<br>Rui Rodrigues<br>Sara Costa<br>Catarina Tavares<br>Suzi Pinheiro<br>H\u00e9lder Costa<br>C\u00e1tia Ferreira<\/p><\/span><p><\/p>\n\n\n\n\n\n\n\n\n<p>F\u00e1tima Gomes <strong>(Coordenadora)<\/strong><\/p><p>S\u00f3nia Monteiro<br>Paulo Jorge Barbedo<br>Rosa Capa<br>Cl\u00e1udia Pereira<br>C\u00e1tia Macedo Fraga<br>Celestina Martins<br>C\u00e9lia Campelo<br>Rita Nunes<br>Carlos Pereira<\/p>\n\n\n\n\n\n\n\n\n<p>Fernando Valentim <strong>(Coordenador)<\/strong><\/p><p>Alexandre Correia<br>Maria Idalina Medeiros<br>Sandra M\u00f3nica Correia<br>Odete Souto<br>Rui Teixeira<\/p>\n\n\n","protected":false},"excerpt":{"rendered":"","protected":false},"author":1,"featured_media":0,"parent":0,"menu_order":0,"comment_status":"closed","ping_status":"closed","template":"","meta":{"footnotes":""},"class_list":["post-416","page","type-page","status-publish","hentry"],"rttpg_featured_image_url":null,"rttpg_author":{"display_name":"admin","author_link":"https:\/\/aesudestebaiao.com\/online\/author\/admin\/"},"rttpg_comment":0,"rttpg_category":null,"rttpg_excerpt":null,"_links":{"self":[{"href":"https:\/\/aesudestebaiao.com\/online\/wp-json\/wp\/v2\/pages\/416","targetHints":{"allow":["GET"]}}],"collection":[{"href":"https:\/\/aesudestebaiao.com\/online\/wp-json\/wp\/v2\/pages"}],"about":[{"href":"https:\/\/aesudestebaiao.com\/online\/wp-json\/wp\/v2\/types\/page"}],"author":[{"embeddable":true,"href":"https:\/\/aesudestebaiao.com\/online\/wp-json\/wp\/v2\/users\/1"}],"replies":[{"embeddable":true,"href":"https:\/\/aesudestebaiao.com\/online\/wp-json\/wp\/v2\/comments?post=416"}],"version-history":[{"count":14,"href":"https:\/\/aesudestebaiao.com\/online\/wp-json\/wp\/v2\/pages\/416\/revisions"}],"predecessor-version":[{"id":2886,"href":"https:\/\/aesudestebaiao.com\/online\/wp-json\/wp\/v2\/pages\/416\/revisions\/2886"}],"wp:attachment":[{"href":"https:\/\/aesudestebaiao.com\/online\/wp-json\/wp\/v2\/media?parent=416"}],"curies":[{"name":"wp","href":"https:\/\/api.w.org\/{rel}","templated":true}]}}