{"id":811,"date":"2023-07-24T13:05:59","date_gmt":"2023-07-24T13:05:59","guid":{"rendered":"https:\/\/aesudestebaiao.com\/online\/?page_id=83"},"modified":"2023-11-03T08:40:48","modified_gmt":"2023-11-03T08:40:48","slug":"atendimento-be","status":"publish","type":"page","link":"https:\/\/aesudestebaiao.com\/online\/atendimento-be\/","title":{"rendered":"Atendimento BE"},"content":{"rendered":"\n\n\n\n\n\n\n\n\n\n\n\n\n\n<p style=\"text-align: center;\">\n<span style=\"color:#f2ad48ff;\"><strong>&#8211;<\/strong><\/span> <a href=\"https:\/\/www.pnl2027.gov.pt\/np4\/home\" target=\"_blank\" rel=\"noopener\" style=\"text-align: left; background-color: rgb(255, 255, 255);\">PNL<\/a> <span style=\"color:#f2ad48ff;\"><strong>&#8211;<\/strong><\/span><strong><\/strong><\/p>\n\n\n<p style=\"text-align: center;\"><strong style=\"color: rgb(242, 173, 72);\">&#8211;<\/strong> \n<a href=\"https:\/\/www.rbe.mec.pt\/np4\/home.html\" target=\"_blank\" rel=\"noopener\" style=\"text-align: left; background-color: rgb(255, 255, 255);\">RBE<\/a> <span style=\"color:#f2ad48ff;\"><strong>&#8211;<\/strong><\/span><\/p>\n\n<p style=\"text-align: center;\"><strong style=\"color: rgb(242, 173, 72);\">&#8211;<\/strong>\n<a href=\"http:\/\/bibsmz.blogspot.com\/\" target=\"_blank\" rel=\"noopener\" style=\"text-align: left; background-color: rgb(255, 255, 255);\">Blogue<\/a>&nbsp;<span style=\"color:#f2ad48ff;\"><strong>&#8211;<\/strong><\/span><strong><\/strong><\/p>\n<p style=\"text-align: center;\"><strong style=\"color: rgb(242, 173, 72);\">&#8211;<\/strong>\n<a href=\"https:\/\/www.facebook.com\/SMZBE\" target=\"_blank\" rel=\"noopener\" style=\"text-align: left; background-color: rgb(255, 255, 255);\">Facebook<\/a>&nbsp;<span style=\"color:#f2ad48ff;\"><strong>&#8211;<\/strong><\/span><strong><\/strong><\/p>\n<p style=\"text-align: center;\"><strong style=\"color: rgb(242, 173, 72);\">&#8211;<\/strong>\n<a href=\"https:\/\/www.instagram.com\/be_smz\/\" target=\"_blank\" rel=\"noopener\" style=\"text-align: left; background-color: rgb(255, 255, 255);\">Instagram<\/a>&nbsp;<span style=\"color:#f2ad48ff;\"><strong>&#8211;<\/strong><\/span><strong><\/strong><\/p>\n\n\n\n\n\n\n\n\n\n<h6 style=\"margin-bottom: 20px; font-family: Raleway; color: rgb(71, 66, 93); text-align: center;\">Servi\u00e7o de Apoio \u00e0 Comunidade Escolar<\/h6><p style=\"margin-bottom: 20px; font-family: Raleway; color: rgb(71, 66, 93);\">Se quiserem servir-se do espa\u00e7o f\u00edsico:<\/p><p style=\"margin-bottom: 20px; font-family: Raleway; color: rgb(71, 66, 93);\">A BE do Agrupamento do Sudeste de Bai\u00e3o est\u00e1 aberta ao p\u00fablico escolar, de segunda a sexta, a partir das 9:00h, sem interrup\u00e7\u00e3o, at\u00e9 \u00e0s 17:00h.<\/p><p style=\"margin-bottom: 20px; font-family: Raleway; color: rgb(71, 66, 93);\">Se quiserem servi\u00e7o online, poder\u00e3o contactar-nos atrav\u00e9s dos&nbsp;<em>e-mails:&nbsp;<\/em><\/p><p style=\"margin-bottom: 20px; font-family: Raleway; color: rgb(71, 66, 93);\"><a href=\"mailto:bibsmz@gmail.com\" style=\"color: rgb(242, 173, 72); transition: all 0.3s ease-in-out 0s; box-shadow: none;\">bibsmz@gmail.com<\/a>&nbsp;ou&nbsp;<a href=\"mailto:smz@bibliotecasescolares.pt\" style=\"color: rgb(242, 173, 72); transition: all 0.3s ease-in-out 0s; box-shadow: none;\">smz@bibliotecasescolares.pt<\/a><\/p><p style=\"margin-bottom: 20px; font-family: Raleway; color: rgb(71, 66, 93);\">Atrav\u00e9s destes&nbsp;<em>e-mails<\/em>, poderemos apoiar toda a comunidade escolar nas atividades de pesquisa da informa\u00e7\u00e3o e na sele\u00e7\u00e3o de recursos documentais.<\/p><p style=\"margin-bottom: 20px; font-family: Raleway; color: rgb(71, 66, 93);\">Estamos sempre dispon\u00edveis e abertos a novas sugest\u00f5es.<\/p><p style=\"margin-bottom: 20px; font-family: Raleway; color: rgb(71, 66, 93);\">Contamos convosco.<\/p><p style=\"margin-bottom: 20px; font-family: Raleway; color: rgb(71, 66, 93);\">A Equipa da BE<\/p>\n\n\n","protected":false},"excerpt":{"rendered":"","protected":false},"author":1,"featured_media":0,"parent":0,"menu_order":0,"comment_status":"closed","ping_status":"closed","template":"","meta":{"footnotes":""},"class_list":["post-811","page","type-page","status-publish","hentry"],"rttpg_featured_image_url":null,"rttpg_author":{"display_name":"admin","author_link":"https:\/\/aesudestebaiao.com\/online\/author\/admin\/"},"rttpg_comment":0,"rttpg_category":null,"rttpg_excerpt":null,"_links":{"self":[{"href":"https:\/\/aesudestebaiao.com\/online\/wp-json\/wp\/v2\/pages\/811","targetHints":{"allow":["GET"]}}],"collection":[{"href":"https:\/\/aesudestebaiao.com\/online\/wp-json\/wp\/v2\/pages"}],"about":[{"href":"https:\/\/aesudestebaiao.com\/online\/wp-json\/wp\/v2\/types\/page"}],"author":[{"embeddable":true,"href":"https:\/\/aesudestebaiao.com\/online\/wp-json\/wp\/v2\/users\/1"}],"replies":[{"embeddable":true,"href":"https:\/\/aesudestebaiao.com\/online\/wp-json\/wp\/v2\/comments?post=811"}],"version-history":[{"count":13,"href":"https:\/\/aesudestebaiao.com\/online\/wp-json\/wp\/v2\/pages\/811\/revisions"}],"predecessor-version":[{"id":1024,"href":"https:\/\/aesudestebaiao.com\/online\/wp-json\/wp\/v2\/pages\/811\/revisions\/1024"}],"wp:attachment":[{"href":"https:\/\/aesudestebaiao.com\/online\/wp-json\/wp\/v2\/media?parent=811"}],"curies":[{"name":"wp","href":"https:\/\/api.w.org\/{rel}","templated":true}]}}